e
Let f = 6 - 4. Let i(u) = 26*u - 3. Is i(f) prime?
False
Let y = -152 + 321. Is y prime?
False
Let l(y) = -11*y - 13. Is l(-6) a prime number?
True
Suppose 149 = -0*k + k. Is k composite?
False
Let v be 0/(-2 - -1*3). Let g = v - -8. Is g + (-1)/1*1 a prime number?
True
Suppose 605 = -4*y - 147. Is 0 + -3 + 0 - y composite?
True
Suppose -245 + 74 = -3*r. Is r composite?
True
Is 139/(-1)*(-7 + 2) composite?
True
Suppose 4*y - z = 7, 3*y + 5*z = 6 - 18. Is y/(2 - 1) + 45 a composite number?
True
Let m(a) = 441*a**2 - a - 1. Is m(-2) a composite number?
True
Let q(s) = 5*s**2 - 3 + 0*s**2 - 4*s**2. Let l = 1 - -3. Is q(l) composite?
False
Let y(o) = 2*o + 9. Let f(g) = -g**2 - g + 1. Let j(k) = -2*f(k) + y(k). Is j(-11) a prime number?
False
Let m(v) be the second derivative of v**5/60 - 11*v**3/6 - v**2/2 - 3*v. Let w(s) be the first derivative of m(s). Is w(-10) prime?
True
Let o(m) be the second derivative of m**5/20 - m**4/12 - m**3/3 + 7*m**2/2 - m. Is o(5) prime?
True
Let d be (-8)/(-6)*(-15)/(-10). Suppose -4*j + 5*a = -597, 3*j - 5*j + d*a + 296 = 0. Is j composite?
True
Suppose 3*z - 2*m - 2996 = 3389, 8517 = 4*z + m. Is z composite?
False
Let p be ((-476)/(-10))/((-3)/(-30)). Suppose d = 5*d - p. Is d a composite number?
True
Let c(v) = -2*v**3 - 4*v + 3*v**3 - 5*v**2 + 7 - 15. Let y be c(6). Suppose -y*h = -28 - 48. Is h composite?
False
Suppose 0 = -d - 11 - 58. Let p = 104 + d. Is p prime?
False
Let l = -49 + 28. Is ((-26)/3)/(2/l) a prime number?
False
Let f = -66 - -94. Suppose 4*a - 2*a = f. Is a composite?
True
Let i = -2 - -7. Suppose -5*n - i*p + 30 = -2*p, -p = -n - 2. Is n a composite number?
False
Suppose 4*t + t - 3*c + 21 = 0, -3*c - 9 = 0. Let s = -6 - t. Suppose s = -r + 4*r - 429. Is r a prime number?
False
Let q be 22/(-121) + 414/(-22). Let d = q + 53. Is d a composite number?
True
Let r be (-1)/(-5) - (-18)/10. Is 146 - (3 - (r - -1)) a composite number?
True
Let c(j) = 18*j + 8. Let t(n) = -17*n - 4. Let z(s) = -34*s - 9. Let y(r) = 5*t(r) - 3*z(r). Let l(d) = 3*c(d) - 4*y(d). Is l(-3) a prime number?
False
Suppose 0 = -2*q + 3*t + 629, q - 2*t - 287 = -6*t. Is q a prime number?
True
Let k(n) = 4*n**3 + n**2 + 2*n + 4. Suppose -1 = -2*u + 17. Suppose -5*o - 4*i = -31, 5*o + i - 10 = u. Is k(o) composite?
False
Suppose 201 = -g + 6. Let k = g + 418. Is k prime?
True
Suppose g - 56 - 3 = 0. Let i = 112 - g. Is i composite?
False
Let m = 6 - -13. Is m prime?
True
Let a be 2764/20 - 3/15. Suppose 2*z - a = 148. Is z prime?
False
Suppose 5*j + 3*w - 2 = -8, 3*j = -3*w. Is (0 - -14) + 2 + j composite?
False
Let i(w) = w**2 - 2*w - 6. Let y be i(-4). Is (118/(-3))/((-12)/y) a composite number?
False
Let x = 4 + -9. Is (-5)/(x/36) + 1 prime?
True
Suppose -2*w - 109 - 141 = 0. Let u = w - -214. Is u composite?
False
Let c = -10 + 12. Is (113/c)/((-2)/(-4)) prime?
True
Suppose 4*m = -0*m + z + 199, 4*z - 173 = -3*m. Is m a prime number?
False
Suppose 4*b - 1924 = s + 3*s, -s = -3*b + 1439. Is b a prime number?
True
Let m = 19 - -78. Is m a prime number?
True
Let h = -23 - -44. Is h a prime number?
False
Let j(n) = n**2 + 5*n - 5. Suppose 5*f = 2*l + 48, -11 = f - 2*f - l. Is j(f) a composite number?
True
Is 1469*1 - ((-12)/(-6) - 4) a prime number?
True
Suppose 59 = -3*m + 23. Is 3/m + (-1610)/(-8) a prime number?
False
Suppose 0 = -4*p + 32 - 12. Let h(q) = 144*q - 1. Is h(p) prime?
True
Suppose -2*s + u = -s - 43, 4*s = -3*u + 165. Suppose s = -k + 2*k. Suppose -q + k = -11. Is q composite?
False
Suppose 4*c + 4*g + 0*g - 40 = 0, 3*c - 22 = 5*g. Let m(q) = -7*q + 0 + q**2 + 0 - 7. Is m(c) a composite number?
False
Suppose 2846 = 4*z + 370. Is z a prime number?
True
Let c = 1213 + -842. Is c prime?
False
Suppose 0 = 4*z - n + 4*n - 1322, -4*z + 1324 = 4*n. Is z a composite number?
True
Let k(l) = 6*l**3 + 3*l**2 - 2*l + 3. Let b be (-72)/(-30) - 4/10. Is k(b) prime?
True
Suppose -3*r - 11 = -2*k, 8*r + 1 = -k + 3*r. Suppose p = 2*p + k. Is -2 + 1 + p + 26 composite?
True
Suppose 4*v + 54 = x + 7, 4*v + 42 = 2*x. Suppose 3*m + 2*l + 186 = 34, 5*l + 5 = 0. Let q = v - m. Is q a prime number?
True
Let i = -264 - -455. Is i a composite number?
False
Suppose -5 = -n + 2*g + 1, 4*g = 4*n - 16. Suppose 64 + 48 = n*x. Suppose 2*d - 4*k - x = -2*d, 5*d + 3*k = 38. Is d a composite number?
True
Suppose -2*k - 642 = -5*k. Suppose w - n + 54 = 2*w, -2*n = 4*w - k. Is w composite?
False
Suppose f - 3*m = 0, 4*f = 7*f - 3*m + 18. Is ((-37)/2)/(f/18) a composite number?
False
Suppose -553 - 387 = -5*a + 5*l, 5*l - 355 = -2*a. Is a a composite number?
True
Suppose 0*s + 3*s + 100 = 5*z, 4*z = 5*s + 67. Is z a composite number?
False
Let i(c) = 2*c**2 - 9*c + 8. Let f(l) = -3*l**2 + 17*l - 15. Let w(r) = -3*f(r) - 5*i(r). Let p be w(-6). Suppose -170 = -0*k - p*k. Is k composite?
True
Is -6 + 6/2 + -1 + 7409 composite?
True
Let o be (138/9)/(1/9). Suppose -2*g + 98 = 4*z, 0 = -3*g - z + o + 9. Let y = 42 + g. Is y a composite number?
True
Let w(p) be the second derivative of -p**4/12 + 5*p**3/6 - p**2 - p. Let q be w(5). Is (-3)/q*(-22)/(-3) a prime number?
True
Suppose 5*r + 1373 = 2*g, 0*g - r - 3398 = -5*g. Is g a composite number?
True
Let o(l) = -18*l + 15. Let g(d) = 27*d - 22. Let t(j) = 5*g(j) + 7*o(j). Let k(s) = -s**2 + 8*s - 6. Let q be k(6). Is t(q) a prime number?
False
Let j be (1/2)/((-1)/(-2)). Suppose -27 - j = -2*i. Is i a composite number?
True
Let k(m) = -m**2 + 3*m + 3. Let q be k(3). Suppose -c - 730 = -b, 0 = 5*b + q*c - 2548 - 1102. Suppose -3*r = 5*o - 332 - 72, -5*r + b = -3*o. Is r prime?
False
Suppose -21987 + 4989 = -6*d. Is d composite?
False
Suppose -6*w = -w. Suppose -4*y - 2*v + 136 = w, 0 = 2*y + 5*v - 57 - 3. Is y composite?
True
Is 0/(4/2 + 2) + 797 prime?
True
Let x = -220 - -356. Suppose 0 = 5*s - 7*s - x. Let z = 121 + s. Is z a prime number?
True
Suppose 0 = 3*i - 4*x - 462 - 275, 2*i - 2*x - 494 = 0. Is i a prime number?
True
Suppose 0 = 2*a - 5 - 11. Suppose a*v - 812 = 4*v. Is v a composite number?
True
Let o(p) be the second derivative of -p**4/12 + p**2 - p. Let u be o(5). Let j = 60 + u. Is j a composite number?
False
Let l(a) = 53*a**2 - 4*a - 31. Is l(14) composite?
False
Is -6*8/12 - -386 a composite number?
True
Let q(h) = -2*h - 4*h - 4 + 19 + 16*h. Is q(13) prime?
False
Let t = 44 + 23. Let n = -32 + t. Is n prime?
False
Let h(q) = -q + 8. Let x be h(7). Is 2/(-2) + x*32 prime?
True
Let f be 2 + 1 + 2 + -3. Suppose f*v - h = 263, -2*h + 653 = v + 4*v. Is v + (-2)/(-6)*0 a composite number?
False
Let w(f) = -4*f - 1 - f + 2*f. Let t be w(-1). Suppose -26 = -t*i + 18. Is i prime?
False
Let n(q) = -q**3 + 11*q**2 + q - 6. Let s be n(11). Suppose -5*z + 2*z + 4*h + 49 = 0, 0 = -s*z - h + 97. Is z prime?
True
Let k = -197 + 328. Is k prime?
True
Let u(p) = 2*p**2 - 4*p - 12. Is u(7) a composite number?
True
Let b = 2 - 0. Suppose -5*w + 30 = 5*f - 0*w, 0 = 5*f - b*w + 5. Is 41 + 2*(0 - f) composite?
True
Suppose -8*p = -4*p. Suppose p = -b + 3*y + 25, b = 2*y + 33 - 10. Is b a composite number?
False
Let z = -5 - -9. Suppose 0 = 4*f - 3 - 1, -z*f = -3*p + 2357. Is p a composite number?
False
Let r(j) = -j. Let t be r(-2). Let w(b) = 0 - 4*b**2 - 2 + 6*b - 2*b**3 + 3*b**3 + 0*b**t. Is w(5) a composite number?
False
Let j be 8/(-6)*15/(-10). Let c(q) = -92*q**2 + 2*q - 2. Let v be c(j). Let h = -253 - v. Is h prime?
True
Let g(n) = 0 - 5 + 16*n - 7*n + 8*n. Is g(6) a composite number?
False
Let n = -1600 - -1034. Let h = 1453 + n. Is h composite?
False
Suppose 1996 = 3*o - 1526. Is o composite?
True
Suppose 2*q + 4 = 4*q. Suppose 3*p - 2*p - q = 0. Let u(x) = 7*x. Is u(p) a prime number?
False
Suppose -4*k = -x - 26, -52 = 2*x + k - 3*k. Let o = -1 - x. Is o composite?
True
Let q(c) = -c**3 + 15*c**2 - 7. Let n(u) = u**2 + u. Let s be n(-3). Is q(s) a prime number?
True
Suppose 0 = -2*z - 0*z + 94. Let l = 50 + z. Is l a composite number?
False
Suppose -m + 3*x = 4, 5*m + x = -0*m + 28. Suppose -556 = m*h - 1726. Suppose 4*l = h + 130. Is l a composite number?
True
Let i = 130 + -63. Is i a prime number?
True
Suppose -u + 747 = p, -2*u = -2*p - 3*u + 1492. Is p a prime number?
False
Let r(c) = -2*c - 6. Let n be r(-4). Let x be n + (-2 - (0 + -3)). Suppose 5*t = 3*t - 2*z + 84, -x*z + 169 =